{"id":9516,"date":"2023-11-05T18:54:28","date_gmt":"2023-11-05T17:54:28","guid":{"rendered":"https:\/\/casonadeljudio.marcosbardon.com\/?page_id=9516"},"modified":"2024-11-08T14:36:40","modified_gmt":"2024-11-08T13:36:40","slug":"aviso-legal","status":"publish","type":"page","link":"https:\/\/tienda.casonadeljudio.com\/?page_id=9516","title":{"rendered":"Aviso Legal"},"content":{"rendered":"\n<p><\/p>\n\n\n\n<p><\/p>\n\n\n\n<p><\/p>\n\n\n\n<h1 class=\"wp-block-heading\"><strong>AVISO LEGAL<\/strong><\/h1>\n\n\n\n<p><\/p>\n\n\n\n<p><\/p>\n\n\n\n<p><strong>IDENTIFICACI\u00d3N DEL RESPONSABLE DEL SITIO WEB<\/strong><\/p>\n\n\n\n<p><\/p>\n\n\n\n<p>Nombre de empresa:\u00a0Probocado S.L<br>Direcci\u00f3n de las oficinas centrales:\u00a0C\/ REPUENTE 20 BARRIO DE MONTE (SANTANDER) &#8211; 39012 Santander &#8211; Espa\u00f1a<br>N\u00famero de tel\u00e9fono de la sede:\u00a0+34 942 342 726<br>Correo electr\u00f3nico:\u00a0restaurante@casonadeljudio.com<br>Capital social:\u00a060000,00\u20ac<br>Director de publicaci\u00f3n:\u00a0Sergio Bastard Comas<br>N\u00famero de registro:\u00a0B39734587<br>N\u00famero de IVA:\u00a0B39734587<\/p>\n\n\n\n<p><strong>OBJETO<\/strong><br>El presente AVISO LEGAL regula los derechos y obligaciones de Probocado S.L y de los usuarios en relaci\u00f3n el acceso, navegaci\u00f3n y utilizaci\u00f3n de la presente web sin perjuicio de que Probocado S.L se reserve el derecho a modificar, sin previo aviso, su contenido, siendo vigentes las que se encuentren publicadas en el momento de navegaci\u00f3n.<br>Mediante la navegaci\u00f3n, visualizaci\u00f3n y uso de esta web adquieres la condici\u00f3n de usuario, y por tanto implica por tu parte la aceptaci\u00f3n expresa de todas las cl\u00e1usulas que indicamos en el presente Aviso Legal, as\u00ed como el resto de advertencias o cl\u00e1usulas espec\u00edficas que se establezcan en las diferentes secciones para la contrataci\u00f3n, uso de servicios, productos, inscripciones, o secciones de la P\u00e1gina.<br>Por lo que en caso de no aceptar las cl\u00e1usulas establecidas en el presente Aviso Legal, deber\u00e1s abstenerte de acceder y\/o utilizar los servicios y\/o contenidos puestos a tu disposici\u00f3n en la P\u00e1gina, procediendo a abandonar la misma.<br>Probocado S.L podr\u00e1 dar por terminado, suspender o interrumpir, en cualquier momento sin necesidad de previo aviso, el acceso a los contenidos de la p\u00e1gina, sin posibilidad por parte del Usuario de exigir indemnizaci\u00f3n alguna.<\/p>\n\n\n\n<p><strong>ACCESO AL SITIO WEB<br><\/strong>Como usuario de nuestra web te obligas a no utilizar la P\u00e1gina para la realizaci\u00f3n de actividades contrarias a las leyes, a la moral, al orden p\u00fablico y, en general, a hacer un uso conforme a las condiciones establecidas en el presente Aviso Legal. Asimismo, te obliga a no realizar actividades publicitarias o de explotaci\u00f3n comercial remitiendo mensajes que utilicen una identidad falsa.<br>Probocado S.L act\u00faa exclusivamente como responsable de la P\u00e1gina en su condici\u00f3n de prestador de un servicio de informaci\u00f3n y contenidos, bien sobre sus propios servicios, o bien sobre servicios de terceros con los que ha suscrito acuerdos, no haci\u00e9ndose responsable de los contenidos que, en contra de las presentes condiciones, los usuarios pudieran enviar o publicar, siendo el usuario el \u00fanico responsable de la veracidad y licitud de los mismos.<br>Probocado S.L podr\u00e1 interrumpir el servicio de la P\u00e1gina que est\u00e9 siendo utilizado por el usuario y resolver de modo inmediato la relaci\u00f3n con el usuario si detecta un uso de la P\u00e1gina o de cualquiera de los servicios que en el mismo se ofertan que pueda considerar contrario a lo expresado en el presente Aviso Legal.<br>El contenido de los servicios ofrecidos y su uso quedan limitados a usuarios mayores de 18 a\u00f1os.<br>Probocado S.L recuerda a los usuarios mayores de edad, que tengan a su cargo menores, que ser\u00e1 de su exclusiva responsabilidad determinar qu\u00e9 servicios y\/o contenidos son no apropiados para la edad de estos \u00faltimos. En caso de que tenga lugar el acceso y registro por parte de un menor, se presumir\u00e1 que dicho acceso se ha realizado con autorizaci\u00f3n previa y expresa de sus padres, tutores o representantes legales, Probocado S.L  se reserva el derecho a realizar cuantas verificaciones y comprobaciones considere oportunas a este respecto.<br>Probocado S.L te informa de que existen programas inform\u00e1ticos que permiten filtrar y bloquear el acceso a determinados contenidos y servicios, de tal forma que los padres o tutores, por ejemplo, pueden decidir cu\u00e1les son los contenidos y servicios de Internet a los que los menores pueden tener acceso y cu\u00e1les no.<br>En ning\u00fan caso Probocado S.L se responsabilizar\u00e1 de la veracidad de los datos facilitados por los usuarios, por lo que cada uno de \u00e9stos ser\u00e1 el \u00fanico responsable de que la informaci\u00f3n facilitada a Probocado S.L resulte adecuada, exacta, actualizada y precisa o, en caso contrario, de las posibles consecuencias que pudieran derivarse de la falta de calidad y veracidad de los datos.<br><\/p>\n\n\n\n<p>PROPIEDAD INTELECTUAL E INDUSTRIAL<br>La totalidad de esta P\u00e1gina: texto, im\u00e1genes, marcas, gr\u00e1ficos, logotipos, botones, archivos de software, combinaciones de colores, as\u00ed como la estructura, selecci\u00f3n, ordenaci\u00f3n y presentaci\u00f3n de sus contenidos, se encuentra protegida por las leyes sobre Propiedad Intelectual e Industrial, quedando prohibida su reproducci\u00f3n, distribuci\u00f3n, comunicaci\u00f3n p\u00fablica y transformaci\u00f3n, salvo para uso personal y privado.<br>Probocado S.L no garantiza que los contenidos sean precisos o libres de error o que el libre uso de los mismos por el usuario no infrinja los derechos de terceras partes. El buen o mal uso de esta p\u00e1gina y de sus contenidos est\u00e1 bajo la responsabilidad del usuario.<br>Asimismo, queda prohibida la reproducci\u00f3n, retransmisi\u00f3n, copia, cesi\u00f3n o redifusi\u00f3n, total o parcial, de la informaci\u00f3n contenida en la P\u00e1gina, cualquiera que fuera su finalidad y el medio utilizado para ello, sin autorizaci\u00f3n previa de Probocado S.L.<\/p>\n\n\n\n<p><\/p>\n\n\n\n<p><strong>ENLACES O LINKS<br><\/strong>Al igual que se indica anteriormente, nuestra p\u00e1gina, adem\u00e1s de los enlaces sobre productos, puede incluir enlaces o links a sitios de terceros.<br>Reiteramos que las p\u00e1ginas pertenecientes a estos terceros no han sido revisadas ni son objeto de controles por parte de Probocado S.L, por lo que Probocado S.L no podr\u00e1 ser considerada responsable de los contenidos de estos sitios web, ni de las medidas que se adopten relativas a su privacidad o al tratamiento de sus datos de car\u00e1cter personal u otros que pudieran derivarse.<br>Probocado S.L recomienda la lectura detenida de las condiciones de uso, pol\u00edtica de privacidad, avisos legales y\/o similares de estos sitios.<br>En caso de estar interesado en activar un enlace a alguna de las p\u00e1ginas de Probocado S.L deber\u00e1 comunicarlo, obteniendo el consentimiento expreso para crear el enlace. Probocado S.L  se reserva el derecho de oposici\u00f3n a la activaci\u00f3n de enlaces con su sitio web.<\/p>\n\n\n\n<p><strong>LIMITACI\u00d3N DE RESPONSABILIDAD<br><\/strong>Probocado S.L  no ser\u00e1 responsable directa ni subsidiariamente de:<br>La calidad del servicio, la velocidad de acceso, el correcto funcionamiento ni la disponibilidad ni continuidad de funcionamiento de la P\u00e1gina.<br>Los da\u00f1os que puedan causarse en los equipos del usuario por la utilizaci\u00f3n de la P\u00e1gina.<br>Los casos en que un tercero, quebrantando las medidas de seguridad establecidas, acceda a los mensajes o los utilice para la remisi\u00f3n de virus inform\u00e1ticos.<br>Los vicios y defectos de toda clase de los contenidos transmitidos, difundidos, almacenados o puestos a disposici\u00f3n.<br>La licitud, fiabilidad y utilidad de los contenidos que los usuarios transmitan con la utilizaci\u00f3n de la p\u00e1gina o de los servicios en ella ofertados, as\u00ed como tampoco su veracidad o exactitud. Probocado S.L no controla la utilizaci\u00f3n que los usuarios hacen de la P\u00e1gina, ni garantiza que lo hagan conforme a lo establecido en el presente Aviso Legal.<br>A t\u00edtulo enunciativo y con car\u00e1cter no limitativo, el usuario ser\u00e1 responsable de:<br>Los contenidos introducidos por ellos, especialmente de los datos e informaciones introducidos y enviados a la Compa\u00f1\u00eda por medio de la P\u00e1gina o en la P\u00e1gina.<br>La realizaci\u00f3n de cualquier tipo de actuaci\u00f3n en las p\u00e1ginas de terceros, o actuaciones il\u00edcitas, lesivas de derechos, nocivas y\/o perjudiciales.<br>El incumplimiento de cualquiera de las anteriores obligaciones por parte del usuario podr\u00e1 llevar aparejada la adopci\u00f3n de las medidas oportunas amparadas en Derecho y en el ejercicio de sus derechos u obligaciones, por parte de Probocado S.L pudiendo llegar a la eliminaci\u00f3n o bloqueo de la cuenta del usuario infractor, sin que medie posibilidad de indemnizaci\u00f3n alguna por los da\u2013os y perjuicios causados.<\/p>\n\n\n\n<p><strong>POL\u00cdTICA DE PRIVACIDAD Y PROTECCI\u00d3N DE DATOS<br><\/strong>De conformidad con lo dispuesto por la Ley Org\u00e1nica 15\/1999, de 13 de diciembre, de Protecci\u00f3n de Datos de Car\u00e1cter Personal, todos los datos de car\u00e1cter personal facilitados durante la utilizaci\u00f3n de nuestra p\u00e1gina ser\u00e1n tratados de conformidad con los dispuesto en la Pol\u00edtica de Privacidad que todo usuario debe aceptar expresamente antes de facilitar datos personales a trav\u00e9s de los diferentes formularios puestos a disposici\u00f3n en las secciones de nuestra p\u00e1gina.<br>Probocado S.L adopta las medidas de \u00edndole t\u00e9cnica y organizativa necesarias para garantizar la seguridad de los datos de car\u00e1cter personal contenidos para evitar su alteraci\u00f3n, p\u00e9rdida, tratamiento o acceso no autorizado, habida cuenta del estado de la tecnolog\u00eda, la naturaleza de los datos y los riesgos a los que est\u00e1n expuestos y administra su entorno de servidores de forma adecuada, teniendo una infraestructura firewall de estricto cumplimiento.<br>Podr\u00e1s ejercitar los derechos de acceso, rectificaci\u00f3n, oposici\u00f3n y cancelaci\u00f3n mediante un correo electr\u00f3nico a restaurante@casonadeljudio.com, indicando en el encabezado: PROTECCI\u00d3N DE DATOS.<br>El usuario ser\u00e1 el \u00fanico responsable de la veracidad de los datos facilitados a Probocado S.L .<\/p>\n\n\n\n<p><strong>POL\u00cdTICA DE COOKIES<br><\/strong>De conformidad con lo dispuesto en la legislaci\u00f3n vigente sobre el uso de cookies, el uso estas ser\u00e1 tratado de conformidad con lo dispuesto en el apartado denominado Pol\u00edtica de Cookies existente en la presente y, que todo usuario debe leer, aceptar y\/o limitar durante la navegaci\u00f3n, seg\u00fan informa con car\u00e1cter expreso el banner sobre cookies de nuestra web y la informaci\u00f3n adicional que se muestran sobre el uso de cookies en la misma. Pudiendo limitar el usuario la descarga de COOKIES desde las opciones del navegador.<\/p>\n\n\n\n<p><strong>LEGISLACI\u00d3N APLICABLE Y JURISDICCI\u00d3N COMPETENTE<br><\/strong>El presente Aviso Legal se encuentra redactado en castellano, y se encuentra sometido a la legislaci\u00f3n espa\u00f1ola vigente, que se ser\u00e1 de aplicaci\u00f3n en lo no dispuesto en el presente en materia de interpretaci\u00f3n, validez y ejecuci\u00f3n.<br>Probocado S.L y el Usuario, con renuncia expresa a cualquier otro fuero, se someten a los Juzgados y Tribunales del domicilio del Usuario para cualquier controversia que pudiera derivarse. En el caso de que el Usuario tenga su domicilio fuera de Espa\u00f1a, Probocado S.L y el Usuario se someten, con renuncia expresa a cualquier otro fuero, a los juzgados y tribunales de (Cantabria, Espa\u00f1a).<\/p>\n","protected":false},"excerpt":{"rendered":"<p>AVISO LEGAL IDENTIFICACI\u00d3N DEL RESPONSABLE DEL SITIO WEB Nombre de empresa:\u00a0Probocado S.LDirecci\u00f3n de las oficinas centrales:\u00a0C\/ REPUENTE 20 BARRIO DE<\/p>\n","protected":false},"author":2,"featured_media":0,"parent":0,"menu_order":0,"comment_status":"closed","ping_status":"closed","template":"","meta":{"footnotes":""},"class_list":["post-9516","page","type-page","status-publish","hentry"],"_links":{"self":[{"href":"https:\/\/tienda.casonadeljudio.com\/index.php?rest_route=\/wp\/v2\/pages\/9516","targetHints":{"allow":["GET"]}}],"collection":[{"href":"https:\/\/tienda.casonadeljudio.com\/index.php?rest_route=\/wp\/v2\/pages"}],"about":[{"href":"https:\/\/tienda.casonadeljudio.com\/index.php?rest_route=\/wp\/v2\/types\/page"}],"author":[{"embeddable":true,"href":"https:\/\/tienda.casonadeljudio.com\/index.php?rest_route=\/wp\/v2\/users\/2"}],"replies":[{"embeddable":true,"href":"https:\/\/tienda.casonadeljudio.com\/index.php?rest_route=%2Fwp%2Fv2%2Fcomments&post=9516"}],"version-history":[{"count":8,"href":"https:\/\/tienda.casonadeljudio.com\/index.php?rest_route=\/wp\/v2\/pages\/9516\/revisions"}],"predecessor-version":[{"id":9707,"href":"https:\/\/tienda.casonadeljudio.com\/index.php?rest_route=\/wp\/v2\/pages\/9516\/revisions\/9707"}],"wp:attachment":[{"href":"https:\/\/tienda.casonadeljudio.com\/index.php?rest_route=%2Fwp%2Fv2%2Fmedia&parent=9516"}],"curies":[{"name":"wp","href":"https:\/\/api.w.org\/{rel}","templated":true}]}}